{"id":951,"date":"2024-06-14T01:55:44","date_gmt":"2024-06-14T01:55:44","guid":{"rendered":"http:\/\/nancolekkerkerker.nl\/?page_id=951"},"modified":"2026-01-22T14:40:05","modified_gmt":"2026-01-22T14:40:05","slug":"fostri","status":"publish","type":"page","link":"https:\/\/nancolekkerkerker.nl\/?page_id=951","title":{"rendered":"Fostri fr\u00e1 Kr\u00fanu"},"content":{"rendered":"\n<p class=\"has-heading-font-family\"><strong>F\u00f3stri fr\u00e1 Kr\u00fanu is een vriendelijke, betrouwbare ruin (141 cm) met een gouden karakter. Dit jonge paard is sinds december 2004 onder het zadel en hij beschikt over 5 gangen.<\/strong><\/p>\n\n\n\n<p class=\"has-heading-font-family\"><strong>F\u00f3stri is een snel en sterk paard. Het ontbreekt hem absoluut niet aan looplust, maar &#8216;liever lui dan moe&#8217; is ook wel een karakter-eigenschap die hem niet ontzegd kan worden. Hij is erg competatief, en we proberen hem dan ook zo relaxed mogelijk op te voeden onder het zadel.<\/strong><\/p>\n\n\n\n<p class=\"has-heading-font-family\"><strong>Inmiddels wordt F\u00f3stri veel gereden door Franka Struik, onze steun en toeverlaat op stal en rondom het huis.<\/strong><\/p>\n\n\n\n<figure class=\"wp-block-image size-full\"><img data-recalc-dims=\"1\" loading=\"lazy\" decoding=\"async\" width=\"700\" height=\"466\" src=\"https:\/\/i0.wp.com\/nancolekkerkerker.nl\/wp-content\/uploads\/2025\/12\/Franka-NK08-1w.jpg?resize=700%2C466&#038;ssl=1\" alt=\"\" class=\"wp-image-3455\" srcset=\"https:\/\/i0.wp.com\/nancolekkerkerker.nl\/wp-content\/uploads\/2025\/12\/Franka-NK08-1w.jpg?w=700&amp;ssl=1 700w, https:\/\/i0.wp.com\/nancolekkerkerker.nl\/wp-content\/uploads\/2025\/12\/Franka-NK08-1w.jpg?resize=600%2C399&amp;ssl=1 600w\" sizes=\"auto, (max-width: 700px) 100vw, 700px\" \/><\/figure>\n\n\n\n<p class=\"has-heading-font-family\"><strong>In 2009 is F\u00f3stri in Borbeck verkocht aan de familie Blume.<\/strong><\/p>\n\n\n\n<p class=\"has-heading-font-family\"><strong>Vader : Gimsteinn fr\u00e1 Skaney \/ Moeder : <a href=\"https:\/\/nancolekkerkerker.nl\/?page_id=982\" data-type=\"page\" data-id=\"982\">Svartafru\u00edn fr\u00e1 Kr\u00fanu<\/a><\/strong><\/p>\n\n\n\n<ul class=\"wp-block-list has-heading-font-family\">\n<li><strong>Resultaten<\/strong>\n<ul class=\"wp-block-list\">\n<li><strong>Winnaar Indoor-competitie Exloo 2007 : Nanco<\/strong><\/li>\n\n\n\n<li><strong>1e plaats V3 Spier international 2007 : Nanco<\/strong><\/li>\n\n\n\n<li><strong>4e plaats V3 &amp; B-finale T7 Exloo international 2008 : Franka<\/strong><\/li>\n<\/ul>\n<\/li>\n<\/ul>\n\n\n\n<figure class=\"wp-block-gallery has-nested-images columns-default is-cropped wp-block-gallery-1 is-layout-flex wp-block-gallery-is-layout-flex\">\n<figure class=\"wp-block-image size-full\"><img data-recalc-dims=\"1\" loading=\"lazy\" decoding=\"async\" width=\"322\" height=\"214\" data-id=\"3456\" src=\"https:\/\/i0.wp.com\/nancolekkerkerker.nl\/wp-content\/uploads\/2025\/12\/Fostri_leggenw.jpg?resize=322%2C214&#038;ssl=1\" alt=\"\" class=\"wp-image-3456\"\/><\/figure>\n\n\n\n<figure class=\"wp-block-image size-full\"><img data-recalc-dims=\"1\" loading=\"lazy\" decoding=\"async\" width=\"214\" height=\"320\" data-id=\"3458\" src=\"https:\/\/i0.wp.com\/nancolekkerkerker.nl\/wp-content\/uploads\/2025\/12\/Fos1w3.jpg?resize=214%2C320&#038;ssl=1\" alt=\"\" class=\"wp-image-3458\"\/><\/figure>\n\n\n\n<figure class=\"wp-block-image size-full\"><img data-recalc-dims=\"1\" loading=\"lazy\" decoding=\"async\" width=\"446\" height=\"299\" data-id=\"3419\" src=\"https:\/\/i0.wp.com\/nancolekkerkerker.nl\/wp-content\/uploads\/2025\/12\/Fos5w3.jpg?resize=446%2C299&#038;ssl=1\" alt=\"\" class=\"wp-image-3419\"\/><\/figure>\n\n\n\n<figure class=\"wp-block-image size-full\"><img data-recalc-dims=\"1\" loading=\"lazy\" decoding=\"async\" width=\"214\" height=\"285\" data-id=\"3628\" src=\"https:\/\/i0.wp.com\/nancolekkerkerker.nl\/wp-content\/uploads\/2025\/12\/Svarta-fruin-02w.jpg?resize=214%2C285&#038;ssl=1\" alt=\"\" class=\"wp-image-3628\"\/><\/figure>\n<\/figure>\n\n\n\n<div class=\"wp-block-buttons is-content-justification-center is-layout-flex wp-container-core-buttons-is-layout-a89b3969 wp-block-buttons-is-layout-flex\">\n<div class=\"wp-block-button\"><a class=\"wp-block-button__link wp-element-button\" href=\"https:\/\/nancolekkerkerker.nl\">Naar homepage<\/a><\/div>\n<\/div>\n","protected":false},"excerpt":{"rendered":"<p>F\u00f3stri fr\u00e1 Kr\u00fanu is een vriendelijke, betrouwbare ruin (141 cm) met een gouden karakter. Dit jonge paard is sinds december 2004 onder het zadel en hij beschikt over 5 gangen. F\u00f3stri is een snel en sterk paard. Het ontbreekt hem absoluut niet aan looplust, maar &#8216;liever lui dan moe&#8217; is ook wel een karakter-eigenschap die [&hellip;]<\/p>\n","protected":false},"author":1,"featured_media":3453,"parent":0,"menu_order":0,"comment_status":"closed","ping_status":"closed","template":"","meta":{"footnotes":""},"class_list":["post-951","page","type-page","status-publish","has-post-thumbnail","hentry"],"jetpack_sharing_enabled":true,"jetpack-related-posts":[],"_links":{"self":[{"href":"https:\/\/nancolekkerkerker.nl\/index.php?rest_route=\/wp\/v2\/pages\/951","targetHints":{"allow":["GET"]}}],"collection":[{"href":"https:\/\/nancolekkerkerker.nl\/index.php?rest_route=\/wp\/v2\/pages"}],"about":[{"href":"https:\/\/nancolekkerkerker.nl\/index.php?rest_route=\/wp\/v2\/types\/page"}],"author":[{"embeddable":true,"href":"https:\/\/nancolekkerkerker.nl\/index.php?rest_route=\/wp\/v2\/users\/1"}],"replies":[{"embeddable":true,"href":"https:\/\/nancolekkerkerker.nl\/index.php?rest_route=%2Fwp%2Fv2%2Fcomments&post=951"}],"version-history":[{"count":15,"href":"https:\/\/nancolekkerkerker.nl\/index.php?rest_route=\/wp\/v2\/pages\/951\/revisions"}],"predecessor-version":[{"id":4127,"href":"https:\/\/nancolekkerkerker.nl\/index.php?rest_route=\/wp\/v2\/pages\/951\/revisions\/4127"}],"wp:featuredmedia":[{"embeddable":true,"href":"https:\/\/nancolekkerkerker.nl\/index.php?rest_route=\/wp\/v2\/media\/3453"}],"wp:attachment":[{"href":"https:\/\/nancolekkerkerker.nl\/index.php?rest_route=%2Fwp%2Fv2%2Fmedia&parent=951"}],"curies":[{"name":"wp","href":"https:\/\/api.w.org\/{rel}","templated":true}]}}