{"id":878,"date":"2024-06-14T01:43:08","date_gmt":"2024-06-14T01:43:08","guid":{"rendered":"http:\/\/nancolekkerkerker.nl\/?page_id=878"},"modified":"2024-07-03T01:51:41","modified_gmt":"2024-07-03T01:51:41","slug":"gaisla-3","status":"publish","type":"page","link":"https:\/\/nancolekkerkerker.nl\/?page_id=878","title":{"rendered":"Gaisla van de Fitjamyrihoeve"},"content":{"rendered":"\n<p class=\"has-heading-font-family\">Gaisla (1974) is in de moeder uit IJsland ge\u00efmporteerd. Haar moeder was Irpa, in bezit van de familie Iordens in Epe.<\/p>\n\n\n\n<figure class=\"wp-block-image size-full\"><img data-recalc-dims=\"1\" loading=\"lazy\" decoding=\"async\" width=\"638\" height=\"652\" src=\"https:\/\/i0.wp.com\/nancolekkerkerker.nl\/wp-content\/uploads\/2024\/06\/Gaisla-cross.jpg?resize=638%2C652&#038;ssl=1\" alt=\"\" class=\"wp-image-876\" srcset=\"https:\/\/i0.wp.com\/nancolekkerkerker.nl\/wp-content\/uploads\/2024\/06\/Gaisla-cross.jpg?w=638&amp;ssl=1 638w, https:\/\/i0.wp.com\/nancolekkerkerker.nl\/wp-content\/uploads\/2024\/06\/Gaisla-cross.jpg?resize=587%2C600&amp;ssl=1 587w\" sizes=\"auto, (max-width: 638px) 100vw, 638px\" \/><figcaption class=\"wp-element-caption\">Cross Berg en Bos 1980 &#8211; foto Eric Dix<\/figcaption><\/figure>\n\n\n\n<p class=\"has-heading-font-family\">Gaisla is in de jaren &#8217;80 verkocht aan Cees Fokker. De merrie is uiteindelijk naar Duitsland verkocht, waar wij het spoor zijn kwijt geraakt.<\/p>\n\n\n\n<p class=\"has-heading-font-family\">Vader: onbekend, IJslandse hengst \/ Moeder: Irpa fr\u00e1 B\u00f6\u00f0m\u00f3\u00f0sst\u00f6\u00f0um.<\/p>\n\n\n\n<div class=\"wp-block-buttons is-content-justification-center is-layout-flex wp-container-core-buttons-is-layout-a89b3969 wp-block-buttons-is-layout-flex\">\n<div class=\"wp-block-button\"><a class=\"wp-block-button__link wp-element-button\" href=\"https:\/\/nancolekkerkerker.nl\">Naar homepage<\/a><\/div>\n<\/div>\n","protected":false},"excerpt":{"rendered":"<p>Gaisla (1974) is in de moeder uit IJsland ge\u00efmporteerd. Haar moeder was Irpa, in bezit van de familie Iordens in Epe. Gaisla is in de jaren &#8217;80 verkocht aan Cees Fokker. De merrie is uiteindelijk naar Duitsland verkocht, waar wij het spoor zijn kwijt geraakt. Vader: onbekend, IJslandse hengst \/ Moeder: Irpa fr\u00e1 B\u00f6\u00f0m\u00f3\u00f0sst\u00f6\u00f0um.<\/p>\n","protected":false},"author":1,"featured_media":877,"parent":0,"menu_order":0,"comment_status":"closed","ping_status":"closed","template":"","meta":{"footnotes":""},"class_list":["post-878","page","type-page","status-publish","has-post-thumbnail","hentry"],"jetpack_sharing_enabled":true,"jetpack-related-posts":[],"_links":{"self":[{"href":"https:\/\/nancolekkerkerker.nl\/index.php?rest_route=\/wp\/v2\/pages\/878","targetHints":{"allow":["GET"]}}],"collection":[{"href":"https:\/\/nancolekkerkerker.nl\/index.php?rest_route=\/wp\/v2\/pages"}],"about":[{"href":"https:\/\/nancolekkerkerker.nl\/index.php?rest_route=\/wp\/v2\/types\/page"}],"author":[{"embeddable":true,"href":"https:\/\/nancolekkerkerker.nl\/index.php?rest_route=\/wp\/v2\/users\/1"}],"replies":[{"embeddable":true,"href":"https:\/\/nancolekkerkerker.nl\/index.php?rest_route=%2Fwp%2Fv2%2Fcomments&post=878"}],"version-history":[{"count":5,"href":"https:\/\/nancolekkerkerker.nl\/index.php?rest_route=\/wp\/v2\/pages\/878\/revisions"}],"predecessor-version":[{"id":1211,"href":"https:\/\/nancolekkerkerker.nl\/index.php?rest_route=\/wp\/v2\/pages\/878\/revisions\/1211"}],"wp:featuredmedia":[{"embeddable":true,"href":"https:\/\/nancolekkerkerker.nl\/index.php?rest_route=\/wp\/v2\/media\/877"}],"wp:attachment":[{"href":"https:\/\/nancolekkerkerker.nl\/index.php?rest_route=%2Fwp%2Fv2%2Fmedia&parent=878"}],"curies":[{"name":"wp","href":"https:\/\/api.w.org\/{rel}","templated":true}]}}