{"id":263,"date":"2024-05-09T02:38:25","date_gmt":"2024-05-09T02:38:25","guid":{"rendered":"http:\/\/nancolekkerkerker.nl\/?page_id=263"},"modified":"2026-01-30T03:17:59","modified_gmt":"2026-01-30T03:17:59","slug":"hatta-vom-hochwaldhof-jaar-2012","status":"publish","type":"page","link":"https:\/\/nancolekkerkerker.nl\/?page_id=263","title":{"rendered":"Hatta vom Hochwaldhof"},"content":{"rendered":"\n<div class=\"wp-block-group alignfull has-accent-2-background-color has-background has-global-padding is-layout-constrained wp-container-core-group-is-layout-669513ed wp-block-group-is-layout-constrained\" style=\"margin-top:0;margin-bottom:0;padding-top:var(--wp--preset--spacing--50);padding-right:var(--wp--preset--spacing--50);padding-bottom:var(--wp--preset--spacing--50);padding-left:var(--wp--preset--spacing--50)\">\n<div class=\"wp-block-columns alignwide is-layout-flex wp-container-core-columns-is-layout-28f84493 wp-block-columns-is-layout-flex\">\n<div class=\"wp-block-column is-layout-flow wp-block-column-is-layout-flow\" style=\"flex-basis:60%\">\n<p class=\"has-text-align-left has-heading-font-family has-x-large-font-size\" style=\"line-height:1.2\">Hatta (13 mei 1987) is als 2-jarig paard uit Duitsland ge\u00efmporteerd.<\/p>\n<\/div>\n<\/div>\n\n\n\n<div class=\"wp-block-columns is-layout-flex wp-container-core-columns-is-layout-28f84493 wp-block-columns-is-layout-flex\">\n<div class=\"wp-block-column is-layout-flow wp-block-column-is-layout-flow\" style=\"flex-basis:100%\">\n<figure class=\"wp-block-image alignwide size-full is-style-rounded is-style-rounded--1\"><img data-recalc-dims=\"1\" loading=\"lazy\" decoding=\"async\" width=\"504\" height=\"824\" src=\"https:\/\/i0.wp.com\/nancolekkerkerker.nl\/wp-content\/uploads\/2024\/05\/hatta.jpg?resize=504%2C824&#038;ssl=1\" alt=\"Hatta - 2004\" class=\"wp-image-367\" srcset=\"https:\/\/i0.wp.com\/nancolekkerkerker.nl\/wp-content\/uploads\/2024\/05\/hatta.jpg?w=504&amp;ssl=1 504w, https:\/\/i0.wp.com\/nancolekkerkerker.nl\/wp-content\/uploads\/2024\/05\/hatta.jpg?resize=367%2C600&amp;ssl=1 367w\" sizes=\"auto, (max-width: 504px) 100vw, 504px\" \/><figcaption class=\"wp-element-caption\">Hatta &#8211; 2004<\/figcaption><\/figure>\n<\/div>\n<\/div>\n<\/div>\n\n\n\n<div class=\"wp-block-group alignfull has-base-background-color has-background has-global-padding is-layout-constrained wp-container-core-group-is-layout-d89aad35 wp-block-group-is-layout-constrained\" style=\"margin-top:0;margin-bottom:0;padding-top:var(--wp--preset--spacing--50);padding-right:var(--wp--preset--spacing--50);padding-bottom:var(--wp--preset--spacing--50);padding-left:var(--wp--preset--spacing--50)\">\n<div class=\"wp-block-columns alignwide is-layout-flex wp-container-core-columns-is-layout-549b0c86 wp-block-columns-is-layout-flex\">\n<div class=\"wp-block-column has-global-padding is-content-justification-left is-layout-constrained wp-container-core-column-is-layout-4f15e8fe wp-block-column-is-layout-constrained\" style=\"flex-basis:40%\">\n<p class=\"has-heading-font-family\">Belevenissen &amp; afstamming<\/p>\n\n\n\n<figure class=\"wp-block-image size-full\"><img data-recalc-dims=\"1\" loading=\"lazy\" decoding=\"async\" width=\"260\" height=\"180\" src=\"https:\/\/i0.wp.com\/nancolekkerkerker.nl\/wp-content\/uploads\/2025\/12\/Hatta90w.jpg?resize=260%2C180&#038;ssl=1\" alt=\"\" class=\"wp-image-3577\"\/><\/figure>\n\n\n\n<figure class=\"wp-block-image size-full\"><img data-recalc-dims=\"1\" loading=\"lazy\" decoding=\"async\" width=\"260\" height=\"385\" src=\"https:\/\/i0.wp.com\/nancolekkerkerker.nl\/wp-content\/uploads\/2025\/12\/Hatta1295-03w.jpg?resize=260%2C385&#038;ssl=1\" alt=\"\" class=\"wp-image-3578\"\/><\/figure>\n<\/div>\n\n\n\n<div class=\"wp-block-column is-layout-flow wp-container-core-column-is-layout-119bc444 wp-block-column-is-layout-flow\" style=\"flex-basis:60%\">\n<p class=\"has-heading-font-family has-x-large-font-size\" style=\"line-height:1.2\">Het is een nogal eigenwijze dame die het graag voor het zeggen heeft in de kudde.<br><\/p>\n\n\n\n<div class=\"wp-block-columns is-layout-flex wp-container-core-columns-is-layout-87beb0d0 wp-block-columns-is-layout-flex\">\n<div class=\"wp-block-column is-layout-flow wp-block-column-is-layout-flow\">\n<p class=\"has-heading-font-family wp-container-content-9cfa9a5a\">Alhoewel ze een heerlijke comfortabele t\u00f6lter is, kan ze in ieder gewenst tempo er vandoor gaan zonder dat daarbij de snelheid dramatisch toeneemt. Zo heb ik eens mogen ervaren dat zij na enige maanden van weinig gereden te zijn, vond dat het de eerste keer dat ze weer mee mocht toch bijzonder duidelijk moest zijn dat zij bepaalde hoe snel we gingen en welke kant we op gingen. Wat was ik blij dat we het gemeentebord &#8216;Garminge&#8217; tegen kwamen. <\/p>\n<\/div>\n\n\n\n<div class=\"wp-block-column is-layout-flow wp-block-column-is-layout-flow\">\n<p class=\"has-heading-font-family\">Veel mensen zullen wellicht dit gedrag herkennen van paarden waar Gar\u00f0sauki-bloed achter zit. Er wordt wel eens gezegd: of je kunt alles met deze paarden of je kunt er niets mee. Gelukkig kunnen wij er veel mee, maar een vos verliest wel zijn haren, maar niet zijn streken.<br>Hatta is in februari 2012 overleden.<\/p>\n<\/div>\n<\/div>\n<\/div>\n<\/div>\n<\/div>\n\n\n\n<div class=\"wp-block-group alignfull has-accent-2-background-color has-background has-global-padding is-layout-constrained wp-container-core-group-is-layout-669513ed wp-block-group-is-layout-constrained\" style=\"margin-top:0;margin-bottom:0;padding-top:var(--wp--preset--spacing--50);padding-right:var(--wp--preset--spacing--50);padding-bottom:var(--wp--preset--spacing--50);padding-left:var(--wp--preset--spacing--50)\">\n<div class=\"wp-block-columns alignwide is-layout-flex wp-container-core-columns-is-layout-28f84493 wp-block-columns-is-layout-flex\">\n<div class=\"wp-block-column is-layout-flow wp-block-column-is-layout-flow\" style=\"flex-basis:60%\">\n<p class=\"has-text-align-left has-heading-font-family has-x-large-font-size\" style=\"line-height:1.2\">Nog een paar plaatjes uit 1995.<\/p>\n<\/div>\n<\/div>\n\n\n\n<div class=\"wp-block-columns is-layout-flex wp-container-core-columns-is-layout-28f84493 wp-block-columns-is-layout-flex\">\n<div class=\"wp-block-column is-layout-flow wp-block-column-is-layout-flow\" style=\"flex-basis:100%\">\n<figure class=\"wp-block-image alignwide size-full is-style-rounded is-style-rounded--2\"><img data-recalc-dims=\"1\" loading=\"lazy\" decoding=\"async\" width=\"775\" height=\"531\" src=\"https:\/\/i0.wp.com\/nancolekkerkerker.nl\/wp-content\/uploads\/2025\/12\/Hatta1295-02s.jpg?resize=775%2C531&#038;ssl=1\" alt=\"\" class=\"wp-image-3777\" srcset=\"https:\/\/i0.wp.com\/nancolekkerkerker.nl\/wp-content\/uploads\/2025\/12\/Hatta1295-02s.jpg?w=775&amp;ssl=1 775w, https:\/\/i0.wp.com\/nancolekkerkerker.nl\/wp-content\/uploads\/2025\/12\/Hatta1295-02s.jpg?resize=600%2C411&amp;ssl=1 600w, https:\/\/i0.wp.com\/nancolekkerkerker.nl\/wp-content\/uploads\/2025\/12\/Hatta1295-02s.jpg?resize=768%2C526&amp;ssl=1 768w\" sizes=\"auto, (max-width: 775px) 100vw, 775px\" \/><\/figure>\n\n\n\n<figure class=\"wp-block-gallery has-nested-images columns-default is-cropped wp-block-gallery-5 is-layout-flex wp-block-gallery-is-layout-flex\">\n<figure class=\"wp-block-image size-large is-style-rounded is-style-rounded--3\"><img data-recalc-dims=\"1\" loading=\"lazy\" decoding=\"async\" width=\"530\" height=\"775\" data-id=\"3778\" src=\"https:\/\/i0.wp.com\/nancolekkerkerker.nl\/wp-content\/uploads\/2025\/12\/Hatta1295-01s.jpg?resize=530%2C775&#038;ssl=1\" alt=\"\" class=\"wp-image-3778\" srcset=\"https:\/\/i0.wp.com\/nancolekkerkerker.nl\/wp-content\/uploads\/2025\/12\/Hatta1295-01s.jpg?w=530&amp;ssl=1 530w, https:\/\/i0.wp.com\/nancolekkerkerker.nl\/wp-content\/uploads\/2025\/12\/Hatta1295-01s.jpg?resize=410%2C600&amp;ssl=1 410w\" sizes=\"auto, (max-width: 530px) 100vw, 530px\" \/><\/figure>\n\n\n\n<figure class=\"wp-block-image size-large is-style-rounded is-style-rounded--4\"><img data-recalc-dims=\"1\" loading=\"lazy\" decoding=\"async\" width=\"527\" height=\"775\" data-id=\"3776\" src=\"https:\/\/i0.wp.com\/nancolekkerkerker.nl\/wp-content\/uploads\/2025\/12\/Hatta1295-04s.jpg?resize=527%2C775&#038;ssl=1\" alt=\"\" class=\"wp-image-3776\" srcset=\"https:\/\/i0.wp.com\/nancolekkerkerker.nl\/wp-content\/uploads\/2025\/12\/Hatta1295-04s.jpg?w=527&amp;ssl=1 527w, https:\/\/i0.wp.com\/nancolekkerkerker.nl\/wp-content\/uploads\/2025\/12\/Hatta1295-04s.jpg?resize=408%2C600&amp;ssl=1 408w\" sizes=\"auto, (max-width: 527px) 100vw, 527px\" \/><\/figure>\n<\/figure>\n<\/div>\n<\/div>\n<\/div>\n\n\n\n<div class=\"wp-block-group alignfull has-accent-2-background-color has-background has-global-padding is-layout-constrained wp-container-core-group-is-layout-669513ed wp-block-group-is-layout-constrained\" style=\"margin-top:0;margin-bottom:0;padding-top:var(--wp--preset--spacing--50);padding-right:var(--wp--preset--spacing--50);padding-bottom:var(--wp--preset--spacing--50);padding-left:var(--wp--preset--spacing--50)\">\n<div class=\"wp-block-columns alignwide is-layout-flex wp-container-core-columns-is-layout-28f84493 wp-block-columns-is-layout-flex\">\n<div class=\"wp-block-column is-layout-flow wp-block-column-is-layout-flow\" style=\"flex-basis:60%\">\n<p class=\"has-text-align-left has-heading-font-family has-large-font-size\" style=\"line-height:1.2\">En nog een paar plaatjes &#8211; nu uit  1998.<\/p>\n<\/div>\n<\/div>\n\n\n\n<div class=\"wp-block-columns is-layout-flex wp-container-core-columns-is-layout-28f84493 wp-block-columns-is-layout-flex\">\n<div class=\"wp-block-column is-layout-flow wp-block-column-is-layout-flow\" style=\"flex-basis:100%\">\n<figure class=\"wp-block-gallery has-nested-images columns-default is-cropped wp-block-gallery-8 is-layout-flex wp-block-gallery-is-layout-flex\">\n<figure class=\"wp-block-image size-full is-style-rounded is-style-rounded--6\"><img data-recalc-dims=\"1\" loading=\"lazy\" decoding=\"async\" width=\"1167\" height=\"1714\" data-id=\"1508\" src=\"https:\/\/i0.wp.com\/nancolekkerkerker.nl\/wp-content\/uploads\/2024\/08\/Exloo031098-02.jpg?resize=1167%2C1714&#038;ssl=1\" alt=\"\" class=\"wp-image-1508\" srcset=\"https:\/\/i0.wp.com\/nancolekkerkerker.nl\/wp-content\/uploads\/2024\/08\/Exloo031098-02.jpg?w=1167&amp;ssl=1 1167w, https:\/\/i0.wp.com\/nancolekkerkerker.nl\/wp-content\/uploads\/2024\/08\/Exloo031098-02.jpg?resize=409%2C600&amp;ssl=1 409w, https:\/\/i0.wp.com\/nancolekkerkerker.nl\/wp-content\/uploads\/2024\/08\/Exloo031098-02.jpg?resize=768%2C1128&amp;ssl=1 768w, https:\/\/i0.wp.com\/nancolekkerkerker.nl\/wp-content\/uploads\/2024\/08\/Exloo031098-02.jpg?resize=1046%2C1536&amp;ssl=1 1046w\" sizes=\"auto, (max-width: 1000px) 100vw, 1000px\" \/><\/figure>\n\n\n\n<figure class=\"wp-block-image size-full is-style-rounded is-style-rounded--7\"><img data-recalc-dims=\"1\" loading=\"lazy\" decoding=\"async\" width=\"1173\" height=\"1671\" data-id=\"1507\" src=\"https:\/\/i0.wp.com\/nancolekkerkerker.nl\/wp-content\/uploads\/2024\/08\/Exloo031098-01.jpg?resize=1173%2C1671&#038;ssl=1\" alt=\"\" class=\"wp-image-1507\" srcset=\"https:\/\/i0.wp.com\/nancolekkerkerker.nl\/wp-content\/uploads\/2024\/08\/Exloo031098-01.jpg?w=1173&amp;ssl=1 1173w, https:\/\/i0.wp.com\/nancolekkerkerker.nl\/wp-content\/uploads\/2024\/08\/Exloo031098-01.jpg?resize=421%2C600&amp;ssl=1 421w, https:\/\/i0.wp.com\/nancolekkerkerker.nl\/wp-content\/uploads\/2024\/08\/Exloo031098-01.jpg?resize=768%2C1094&amp;ssl=1 768w, https:\/\/i0.wp.com\/nancolekkerkerker.nl\/wp-content\/uploads\/2024\/08\/Exloo031098-01.jpg?resize=1078%2C1536&amp;ssl=1 1078w\" sizes=\"auto, (max-width: 1000px) 100vw, 1000px\" \/><\/figure>\n<\/figure>\n<\/div>\n<\/div>\n<\/div>\n\n\n\n<div class=\"wp-block-group alignfull has-base-2-color has-contrast-background-color has-text-color has-background has-link-color wp-elements-b791954ce8ada77c70fa489d6eecd5e5 has-global-padding is-layout-constrained wp-container-core-group-is-layout-facafb6f wp-block-group-is-layout-constrained\" style=\"margin-top:0;margin-bottom:0;padding-top:var(--wp--preset--spacing--50);padding-right:var(--wp--preset--spacing--50);padding-bottom:var(--wp--preset--spacing--50);padding-left:var(--wp--preset--spacing--50)\">\n<div class=\"wp-block-columns alignwide is-layout-flex wp-container-core-columns-is-layout-d1c656ed wp-block-columns-is-layout-flex\">\n<div class=\"wp-block-column is-vertically-aligned-stretch is-layout-flow wp-block-column-is-layout-flow\" style=\"padding-right:0;flex-basis:60%\">\n<div class=\"wp-block-group is-vertical is-content-justification-stretch is-layout-flex wp-container-core-group-is-layout-ae24f51d wp-block-group-is-layout-flex\" style=\"min-height:100%\">\n<figure class=\"wp-block-image size-full is-style-rounded is-style-rounded--9\"><img data-recalc-dims=\"1\" loading=\"lazy\" decoding=\"async\" width=\"433\" height=\"403\" src=\"https:\/\/i0.wp.com\/nancolekkerkerker.nl\/wp-content\/uploads\/2024\/05\/Stufur-1e-zomer.jpg?resize=433%2C403&#038;ssl=1\" alt=\"\" class=\"wp-image-369\"\/><figcaption class=\"wp-element-caption\">St\u00fafur &#8211; 2001<\/figcaption><\/figure>\n\n\n\n<figure class=\"wp-block-image size-full\"><img data-recalc-dims=\"1\" loading=\"lazy\" decoding=\"async\" width=\"773\" height=\"525\" src=\"https:\/\/i0.wp.com\/nancolekkerkerker.nl\/wp-content\/uploads\/2025\/12\/Hattaw.jpg?resize=773%2C525&#038;ssl=1\" alt=\"\" class=\"wp-image-3580\" srcset=\"https:\/\/i0.wp.com\/nancolekkerkerker.nl\/wp-content\/uploads\/2025\/12\/Hattaw.jpg?w=773&amp;ssl=1 773w, https:\/\/i0.wp.com\/nancolekkerkerker.nl\/wp-content\/uploads\/2025\/12\/Hattaw.jpg?resize=600%2C408&amp;ssl=1 600w, https:\/\/i0.wp.com\/nancolekkerkerker.nl\/wp-content\/uploads\/2025\/12\/Hattaw.jpg?resize=768%2C522&amp;ssl=1 768w\" sizes=\"auto, (max-width: 773px) 100vw, 773px\" \/><\/figure>\n<\/div>\n<\/div>\n\n\n\n<div class=\"wp-block-column is-layout-flow wp-block-column-is-layout-flow\" style=\"flex-basis:40%\">\n<div class=\"wp-block-group has-global-padding is-layout-constrained wp-block-group-is-layout-constrained\">\n<p class=\"has-heading-font-family has-large-font-size\" style=\"font-style:normal;font-weight:500;line-height:1.2\">Afstamming:<\/p>\n\n\n\n<p class=\"has-heading-font-family\">Vader : St\u00edgandi fr\u00e1 \u00datg\u00f6r\u00f0um<\/p>\n\n\n\n<div class=\"wp-block-group is-layout-flow wp-block-group-is-layout-flow\">\n<p class=\"has-heading-font-family has-medium-font-size\">Moeder : Hekla vom Hochwaldhof<\/p>\n\n\n\n<figure class=\"wp-block-image size-full is-style-rounded is-style-rounded--10\"><img data-recalc-dims=\"1\" loading=\"lazy\" decoding=\"async\" width=\"621\" height=\"917\" src=\"https:\/\/i0.wp.com\/nancolekkerkerker.nl\/wp-content\/uploads\/2025\/12\/Hatta0298-01w.jpg?resize=621%2C917&#038;ssl=1\" alt=\"\" class=\"wp-image-3579\" style=\"aspect-ratio:9\/16;object-fit:cover\" srcset=\"https:\/\/i0.wp.com\/nancolekkerkerker.nl\/wp-content\/uploads\/2025\/12\/Hatta0298-01w.jpg?w=621&amp;ssl=1 621w, https:\/\/i0.wp.com\/nancolekkerkerker.nl\/wp-content\/uploads\/2025\/12\/Hatta0298-01w.jpg?resize=406%2C600&amp;ssl=1 406w\" sizes=\"auto, (max-width: 621px) 100vw, 621px\" \/><\/figure>\n<\/div>\n<\/div>\n\n\n\n<div class=\"wp-block-group has-global-padding is-layout-constrained wp-block-group-is-layout-constrained\">\n<div class=\"wp-block-group has-global-padding is-layout-constrained wp-block-group-is-layout-constrained\">\n<p class=\"has-heading-font-family\">Nakomelingen :<\/p>\n\n\n\n<p class=\"has-heading-font-family\"><a href=\"https:\/\/nancolekkerkerker.nl\/?page_id=1347\" data-type=\"page\" data-id=\"1347\">R\u00fabin fr\u00e1 \u00c1lfsengi<\/a><\/p>\n\n\n\n<p class=\"has-heading-font-family\">Dvalinn fr\u00e1 \u00c1lfsengi<\/p>\n\n\n\n<p class=\"has-heading-font-family\"><a href=\"https:\/\/nancolekkerkerker.nl\/?page_id=991\" data-type=\"page\" data-id=\"991\">St\u00fafur fr\u00e1 Kr\u00fanu<\/a><\/p>\n\n\n\n<p class=\"has-heading-font-family\"><a href=\"https:\/\/nancolekkerkerker.nl\/?page_id=881\" data-type=\"page\" data-id=\"881\">F\u00edctor van de Broekstreek<\/a><\/p>\n<\/div>\n<\/div>\n<\/div>\n<\/div>\n<\/div>\n\n\n\n<div class=\"wp-block-buttons is-content-justification-center is-layout-flex wp-container-core-buttons-is-layout-a89b3969 wp-block-buttons-is-layout-flex\">\n<div class=\"wp-block-button has-heading-font-family\"><a class=\"wp-block-button__link wp-element-button\" href=\"https:\/\/nancolekkerkerker.nl\">Terug<\/a><\/div>\n<\/div>\n","protected":false},"excerpt":{"rendered":"<p>Hatta (13 mei 1987) is als 2-jarig paard uit Duitsland ge\u00efmporteerd. Belevenissen &amp; afstamming Het is een nogal eigenwijze dame die het graag voor het zeggen heeft in de kudde. Alhoewel ze een heerlijke comfortabele t\u00f6lter is, kan ze in ieder gewenst tempo er vandoor gaan zonder dat daarbij de snelheid dramatisch toeneemt. Zo heb [&hellip;]<\/p>\n","protected":false},"author":1,"featured_media":0,"parent":0,"menu_order":0,"comment_status":"closed","ping_status":"closed","template":"","meta":{"footnotes":""},"class_list":["post-263","page","type-page","status-publish","hentry"],"jetpack_sharing_enabled":true,"jetpack-related-posts":[],"_links":{"self":[{"href":"https:\/\/nancolekkerkerker.nl\/index.php?rest_route=\/wp\/v2\/pages\/263","targetHints":{"allow":["GET"]}}],"collection":[{"href":"https:\/\/nancolekkerkerker.nl\/index.php?rest_route=\/wp\/v2\/pages"}],"about":[{"href":"https:\/\/nancolekkerkerker.nl\/index.php?rest_route=\/wp\/v2\/types\/page"}],"author":[{"embeddable":true,"href":"https:\/\/nancolekkerkerker.nl\/index.php?rest_route=\/wp\/v2\/users\/1"}],"replies":[{"embeddable":true,"href":"https:\/\/nancolekkerkerker.nl\/index.php?rest_route=%2Fwp%2Fv2%2Fcomments&post=263"}],"version-history":[{"count":38,"href":"https:\/\/nancolekkerkerker.nl\/index.php?rest_route=\/wp\/v2\/pages\/263\/revisions"}],"predecessor-version":[{"id":4284,"href":"https:\/\/nancolekkerkerker.nl\/index.php?rest_route=\/wp\/v2\/pages\/263\/revisions\/4284"}],"wp:attachment":[{"href":"https:\/\/nancolekkerkerker.nl\/index.php?rest_route=%2Fwp%2Fv2%2Fmedia&parent=263"}],"curies":[{"name":"wp","href":"https:\/\/api.w.org\/{rel}","templated":true}]}}