{"id":1359,"date":"2024-07-16T14:19:07","date_gmt":"2024-07-16T14:19:07","guid":{"rendered":"https:\/\/nancolekkerkerker.nl\/?page_id=1359"},"modified":"2024-09-05T02:41:40","modified_gmt":"2024-09-05T02:41:40","slug":"jona-fra-thokuheimum","status":"publish","type":"page","link":"https:\/\/nancolekkerkerker.nl\/?page_id=1359","title":{"rendered":"J\u00f3na fr\u00e1 \u00fe\u00f3kuheimum"},"content":{"rendered":"\n<p class=\"has-heading-font-family\"><strong>J\u00f3na (1 mei 1996)  kwam als opvolger voor Saedis en Svartafru\u00edn om wedstrijd mee te rijden. De eerste kennismaking was toch wel erg bijzonder. J\u00f3na moest een aantrekkelijk soepel bewegend paard zijn met een leuke beweging. Het bleek de eerste keer een stijve, laterale t\u00f6lter te zijn. Gelukkig bleek dit echter van korte duur te zijn, en was zij weldra die comfortabele t\u00f6lter waarover gesproken werd vooraf. Inmiddels is J\u00f3na in 2005 verkocht aan Annemiek en Onno Habekot\u00e9.<\/strong><\/p>\n\n\n\n<p class=\"has-heading-font-family\"><strong>Vader: Yngri-Dreki fr\u00e1 Sk\u00f3gurhagi Moeder: Urta fr\u00e1 Girtfl\u00e6\u00f0iland<\/strong><\/p>\n\n\n\n<ul class=\"wp-block-list\">\n<li class=\"has-heading-font-family\"><strong>Prijzen<\/strong>\n<ul class=\"wp-block-list\">\n<li class=\"has-heading-font-family\"><strong>NK Oirschot 200<\/strong>3\n<ul class=\"wp-block-list\">\n<li><strong>TC 2e plaats VC 1e plaats<\/strong><\/li>\n<\/ul>\n<\/li>\n\n\n\n<li><strong>NK Oirschot 2004<\/strong>\n<ul class=\"wp-block-list\">\n<li><strong>T5 2e plaats V3 3e plaats<\/strong><\/li>\n<\/ul>\n<\/li>\n\n\n\n<li><strong>Winnares Harmelen competitie 2004<\/strong>\n<ul class=\"wp-block-list\">\n<li><strong>TC en VC<\/strong><\/li>\n<\/ul>\n<\/li>\n<\/ul>\n<\/li>\n<\/ul>\n\n\n\n<div class=\"wp-block-buttons is-content-justification-center is-layout-flex wp-container-core-buttons-is-layout-a89b3969 wp-block-buttons-is-layout-flex\">\n<div class=\"wp-block-button\"><a class=\"wp-block-button__link wp-element-button\" href=\"https:\/\/nancolekkerkerker.nl\">Naar homepage<\/a><\/div>\n<\/div>\n","protected":false},"excerpt":{"rendered":"<p>J\u00f3na (1 mei 1996) kwam als opvolger voor Saedis en Svartafru\u00edn om wedstrijd mee te rijden. De eerste kennismaking was toch wel erg bijzonder. J\u00f3na moest een aantrekkelijk soepel bewegend paard zijn met een leuke beweging. Het bleek de eerste keer een stijve, laterale t\u00f6lter te zijn. Gelukkig bleek dit echter van korte duur te [&hellip;]<\/p>\n","protected":false},"author":1,"featured_media":0,"parent":0,"menu_order":0,"comment_status":"closed","ping_status":"closed","template":"","meta":{"footnotes":""},"class_list":["post-1359","page","type-page","status-publish","hentry"],"jetpack_sharing_enabled":true,"jetpack-related-posts":[],"_links":{"self":[{"href":"https:\/\/nancolekkerkerker.nl\/index.php?rest_route=\/wp\/v2\/pages\/1359","targetHints":{"allow":["GET"]}}],"collection":[{"href":"https:\/\/nancolekkerkerker.nl\/index.php?rest_route=\/wp\/v2\/pages"}],"about":[{"href":"https:\/\/nancolekkerkerker.nl\/index.php?rest_route=\/wp\/v2\/types\/page"}],"author":[{"embeddable":true,"href":"https:\/\/nancolekkerkerker.nl\/index.php?rest_route=\/wp\/v2\/users\/1"}],"replies":[{"embeddable":true,"href":"https:\/\/nancolekkerkerker.nl\/index.php?rest_route=%2Fwp%2Fv2%2Fcomments&post=1359"}],"version-history":[{"count":6,"href":"https:\/\/nancolekkerkerker.nl\/index.php?rest_route=\/wp\/v2\/pages\/1359\/revisions"}],"predecessor-version":[{"id":1620,"href":"https:\/\/nancolekkerkerker.nl\/index.php?rest_route=\/wp\/v2\/pages\/1359\/revisions\/1620"}],"wp:attachment":[{"href":"https:\/\/nancolekkerkerker.nl\/index.php?rest_route=%2Fwp%2Fv2%2Fmedia&parent=1359"}],"curies":[{"name":"wp","href":"https:\/\/api.w.org\/{rel}","templated":true}]}}

Jóna frá þókuheimum

<p class="has-heading-font-family"><strong>Jóna (1 mei 1996)  kwam als opvolger voor Saedis en Svartafruín om wedstrijd mee te rijden. De eerste kennismaking was toch wel erg bijzonder. Jóna moest een aantrekkelijk soepel bewegend paard zijn met een leuke beweging. Het bleek de eerste keer een stijve, laterale tölter te zijn. Gelukkig bleek dit echter van korte duur te zijn, en was zij weldra die comfortabele tölter waarover gesproken werd vooraf. Inmiddels is Jóna in 2005 verkocht aan Annemiek en Onno Habekoté.</strong></p>



<p class="has-heading-font-family"><strong>Vader: Yngri-Dreki frá Skógurhagi Moeder: Urta frá Girtflæðiland</strong></p>



<ul class="wp-block-list">
<li class="has-heading-font-family"><strong>Prijzen</strong>
<ul class="wp-block-list">
<li class="has-heading-font-family"><strong>NK Oirschot 200</strong>3
<ul class="wp-block-list">
<li><strong>TC 2e plaats VC 1e plaats</strong></li>
</ul>
</li>



<li><strong>NK Oirschot 2004</strong>
<ul class="wp-block-list">
<li><strong>T5 2e plaats V3 3e plaats</strong></li>
</ul>
</li>



<li><strong>Winnares Harmelen competitie 2004</strong>
<ul class="wp-block-list">
<li><strong>TC en VC</strong></li>
</ul>
</li>
</ul>
</li>
</ul>



<div class="wp-block-buttons is-content-justification-center is-layout-flex wp-container-core-buttons-is-layout-a89b3969 wp-block-buttons-is-layout-flex">
<div class="wp-block-button"><a class="wp-block-button__link wp-element-button" href="https://nancolekkerkerker.nl">Naar homepage</a></div>
</div>

<p>Jóna (1 mei 1996) kwam als opvolger voor Saedis en Svartafruín om wedstrijd mee te rijden. De eerste kennismaking was toch wel erg bijzonder. Jóna moest een aantrekkelijk soepel bewegend paard zijn met een leuke beweging. Het bleek de eerste keer een stijve, laterale tölter te zijn. Gelukkig bleek dit echter van korte duur te [&hellip;]</p>
